127312 = 4*d - x, 2*d + 3*d + 2*x - 159153 = 0. Suppose d = 2*t + 9127. Is t prime?
True
Suppose x = -937 + 4088. Is x a prime number?
False
Suppose 7*o - 4*o = 4*s - 164195, 4*o - 12 = 0. Is s prime?
True
Let i(s) = 839*s - 94. Is i(15) prime?
True
Suppose -7*s = -2*s - 3235. Is s a prime number?
True
Suppose 0 = -10*j + 9 + 41. Suppose 5*s + 4*l = 183, -j*s + 2*l = -0*l - 171. Is s a prime number?
False
Suppose -5*v = -4*l - 75285, 0*v - 30091 = -2*v - 3*l. Is v composite?
False
Let c(p) = 19*p**3 - 9*p**2 - 6*p - 1. Let q be c(7). Let l = -3098 + q. Suppose x - l = -4*x. Is x a prime number?
True
Suppose 13*v = 16*v - 18. Suppose 5*k - v*k + 1293 = -4*b, 0 = -3*k + 3*b + 3906. Suppose -6*r + 981 + k = 0. Is r composite?
True
Let n = -4 + -3. Let b = n + 13. Suppose 9*j - 174 = b*j. Is j a prime number?
False
Suppose -28 = -x + 4. Let a = 48 - x. Suppose -3*j - a = -2*o - 5*j, 0 = 2*o - 2*j - 24. Is o a composite number?
True
Is (22*7/(-35))/((-4)/290) composite?
True
Suppose 26*o = 23*o + 65937. Is o a prime number?
False
Let o = -6 + -3. Let v be (-40)/(1/(o/6)). Let u = v + -23. Is u prime?
True
Let o = -1747 - 1229. Let z = o - -4963. Is z a prime number?
True
Let y(z) = -59*z + 21647. Is y(0) a composite number?
False
Let c(z) = -9*z**3 - 4*z**2 - 5*z - 1. Suppose -4*b + 3*b = 5. Is c(b) a composite number?
False
Let a(v) = -v**3 + 5*v**2 + 6*v + 8. Let m be a(6). Let g be 10/(-40) - (-18)/m. Is 1 + (9 - -1) + g prime?
True
Let h(w) = 64*w - 1 + 0 + 17*w + 12*w. Let r be h(4). Let k = r + -256. Is k a prime number?
False
Let s be 10 - (-2)/(-6 + 4). Let y(r) = 5*r**3 - 5*r**2 - 10*r + 13. Is y(s) composite?
False
Let c(h) = -h**2 + 1. Let q(d) = 1394*d**2 - 3*d + 8. Let y(f) = -5*c(f) + q(f). Is y(1) a prime number?
True
Let w(s) = s**3 - 15*s**2 + 12*s + 16. Let p be w(14). Let d = p - -14. Suppose -k + d*k = 87. Is k composite?
True
Suppose -2824 = -7*i - i. Suppose -i = 5*f + 3592. Is f/(-3) - 16/4 a prime number?
False
Let n = -55 + 57. Suppose 737 + 705 = n*m. Is m a composite number?
True
Let d be (4/(-10) + (-1336)/10)*1. Let b = d - -245. Is b prime?
False
Let m = -76 + 79. Is 3663 + 2*(-6)/m prime?
True
Suppose -2*n - 1270 = -4784. Suppose 5*w = d - 1789, -d - 5*w + n = -2*w. Is d prime?
False
Let y(q) = -q**3 - 12*q**2 + 1. Let g be y(-12). Let h be -3*-2*g/3. Is 67*(-3)/(-6)*h prime?
True
Let v be 5/25*-2 + (-1258)/5. Let q = -137 - v. Is q composite?
True
Let r = -383 + -820. Let j = -484 - r. Is j composite?
False
Suppose -2*k = -v - 666, 6 - 2 = -v. Suppose 0 = -5*b - 5, -x - x + 5*b = -k. Is x composite?
False
Let y(x) = -2*x**3 - 65*x**2 - 43*x + 19. Let m(b) = -b**3 - 32*b**2 - 22*b + 9. Let d(j) = -13*m(j) + 6*y(j). Is d(-22) composite?
True
Suppose 2*w - 12054 = 2588. Is w composite?
False
Let z(d) = -12*d - 24. Let b(w) = 3*w + 6. Let r(m) = -15*b(m) - 4*z(m). Let u be r(-4). Is ((-635)/15)/(2/u) a prime number?
True
Suppose 25*z - 21*z - 2*w = 38564, 4*z - 5*w - 38552 = 0. Is z composite?
False
Suppose 4*d = -d + 325. Suppose 0 = -5*g - 9 + 94. Let o = d + g. Is o prime?
False
Let c(f) = 137*f - 37. Is c(8) a composite number?
True
Let n be ((-18)/(-10))/((-24)/(-40)). Suppose -55 = 3*g + n*w - 796, g + 4*w - 247 = 0. Is g a prime number?
False
Let x be (-3)/(-2)*(-108130)/(-33). Suppose x = -a + 12444. Suppose 0 = -6*z + a + 133. Is z a prime number?
True
Suppose -4*v = -185 - 451. Let h = 236 - v. Is h prime?
False
Suppose 2*f = 4*z - 2 - 4, -2*f + 2*z - 6 = 0. Let k(m) = -110*m + 1. Is k(f) prime?
True
Let b(h) = -33*h - 2 + 6*h + 6. Let u be b(7). Is (u/(-2) - -3)*2 composite?
False
Let m = 176 - -269. Is m prime?
False
Suppose 0 = -4*k - 62 + 6. Is k/(-4)*(24 + 2) composite?
True
Suppose 0 = -s + 4*q - 226, 5*q + 903 = -4*s - 43. Let i be 6/(-8)*-4 + -106. Let n = i - s. Is n prime?
True
Let w(o) = o**3 + 4*o**2 - 2*o + 2. Let u be w(-4). Let f be (u/8)/((-18)/720). Let x = 87 + f. Is x prime?
True
Let g = -1158 - -680. Let y = g - -1051. Is y prime?
False
Let d(q) = -q + 11. Let i be d(8). Suppose -i*k = -5*x - 22, 3*x = 3*k - 0*k - 18. Suppose k*u - 92 = -0*u. Is u a prime number?
True
Suppose 2719 = x + 3*p + 402, 0 = -4*x - 4*p + 9236. Is x composite?
True
Let c be 8/10 + 106956/(-45). Let j = c - -3635. Is j composite?
False
Let t = -48 + 43. Is (-15)/t - (-247 - 1/(-1)) a composite number?
True
Is (-494435)/(-9) - (992/(-72) + 14) a prime number?
False
Let l(k) = 2*k**3 - 2*k. Let j be l(2). Let g = -11 + j. Is g*(-177)/(-1 + -2) a prime number?
True
Suppose -4*t - 8802 = -95*b + 93*b, -8796 = -2*b + t. Is b a composite number?
False
Let u(i) = 15*i**2 - 3*i + 8. Let j be u(-5). Let q = -221 + j. Is q composite?
True
Let w = -6698 + 10147. Is w composite?
False
Let r = -11920 - -21687. Is r composite?
False
Suppose 5*i + 460 = 3*t, 5*i + 0*t + 465 = 2*t. Suppose 0 = r - 4*g + g + 162, r + 162 = 5*g. Let l = i - r. Is l composite?
False
Let k(c) be the second derivative of c**4/6 + 3*c**3/2 + c**2 - 9*c. Is k(5) a prime number?
True
Suppose 0 = -5*n - 3*g + 25, n - 4*g + 1 = 6. Suppose 5*k + 15 = 0, n*z + 0*k - k = -82. Let w = 580 + z. Is w composite?
False
Let f be ((-84)/10)/(4/(-510) - 0). Suppose 5*b - f = -4*b. Is b prime?
False
Suppose 3*x + 41 = 2*i, 0 = 4*i - 7*x + 8*x - 75. Is -2 - (i + 2)*-9 a prime number?
False
Suppose -u = 2*u - 18. Let s(w) = 6*w**3 - 8*w**2 - 6*w + 10. Let g be s(u). Is 7/(-14)*-1*g a composite number?
False
Let u = 4 - -9. Let d be 16/104 + 232/u. Is (-6)/d*(2 + -248) prime?
False
Let o(p) = 5*p**2 + 22*p - 8. Let x be (-1)/1*(-11)/1. Is o(x) a composite number?
False
Let b = -1676 - -12159. Is b composite?
True
Let n = -67 + 1307. Suppose -5*b = y - n, 4*y - 4822 - 201 = b. Is y a composite number?
True
Suppose 3*i - 10 = -p, 3 = i - 2*p - 5. Let j be i/(-6) - 893/(-3). Let b = -210 + j. Is b a composite number?
True
Let d be 1/((-3)/3 + 1/2). Let l(r) = 65*r**2 + 3*r - 1. Is l(d) prime?
False
Let g = 69001 + -37172. Is g a prime number?
False
Let j = 17 + 423. Suppose 0 = 2*d - 3*d - 2*h + 445, d = 3*h + j. Is d a prime number?
True
Let z(y) = 240*y - 25. Let b(w) = 2*w + 22. Let t be b(-7). Is z(t) composite?
True
Suppose -y + 4 = 2*r, -5*y = 2*r + 3*r - 20. Suppose r = -0*m - 4*m + 452. Is m prime?
True
Suppose 0 = -6*q + 31328 + 44626. Is q a prime number?
True
Let s(u) = 15*u**2 + 7*u + 7. Let m(y) = -2*y**2 + 4*y - 4. Let w be m(3). Is s(w) a composite number?
True
Suppose 203*b = 216*b - 109993. Is b a composite number?
False
Suppose -23*i - 300 = -25*i. Suppose 384 = 6*o - i. Is o a prime number?
True
Suppose m = -7 + 13. Suppose m*n - 38078 - 19084 = 0. Is n composite?
True
Suppose -5*m + 0*m = 0. Let a(g) = g + 674. Is a(m) a composite number?
True
Suppose -1523*y + 1526*y = 9597. Is y a prime number?
False
Let v = 10 - 4. Let z be 6092/v + 7/(-21). Suppose z = 4*m + 3*c, 3*c + 2 - 5 = 0. Is m composite?
True
Let r(w) = 2*w**2 + 20*w + 6. Let p(s) = s**2 + 20*s + 5. Let l(h) = -5*p(h) + 6*r(h). Is l(-9) a prime number?
False
Let d be (-6 - 8760/70)/((-6)/28). Suppose 4*c + 1258 = 2*b, 4*b - 1913 = -c + d. Is b composite?
False
Let u be -2 - -2*(-1)/2. Let t be 165/(-99)*(-6)/5. Is t/u + (-1115)/(-3) a composite number?
True
Let n = -1 - -22. Let r be (n - 1)*(2 - -4). Let u = -43 + r. Is u composite?
True
Is 13/(((-64)/(-824))/8) prime?
False
Suppose 5*r = 3*s + 4*r - 12310, 0 = 3*r - 15. Is s a composite number?
True
Suppose t + 2*x = -3*x - 17, -4*t = -4*x - 28. Suppose u = t*u - 710. Is u a composite number?
True
Let d(a) = 16*a**3 - 3*a**2 - 20*a + 9. Let s(j) = -5*j**3 + j**2 + 7*j - 3. Let h(z) = 4*d(z) + 11*s(z). Is h(2) prime?
False
Suppose -6 + 15 = -3*v. Let l = v - -16. Is l prime?
True
Let y be (-623)/(-7)*3*1. Suppose -2*p - 3*p + 20 = 0, -g - 4*p + y = 0. Is g composite?
False
Suppose 28 + 20 = -3*r. Let v = r + 18. Is 298*((-5)/v)/(-5) a composite number?
False
Suppose 3*j - 224 = -j. Suppose -3*y = -q - 104, -y - 2*q = y - j. Is (7282/y)/(4/6) a composite number?
False
Let c(d) = -4*d**3 + 4*d**2 + d + 2. Is c(-7) composite?
True
Let q be -3 - (-8 + (4 - 3)). Suppose -21 = -q*r - m, 9 = 4*r + 4*m - 15. Suppose -2 = 2*a, 4*z - a + r*a = 616. Is z prime?
False
Let s = -3 - -8. Suppose -672 = 3*l - s*l. Let d = l + 217. Is d a prime number?
Fal